{"id":926,"date":"2024-02-25T14:53:44","date_gmt":"2024-02-25T13:53:44","guid":{"rendered":"https:\/\/kratkameble.pl\/?page_id=926"},"modified":"2024-02-25T14:56:54","modified_gmt":"2024-02-25T13:56:54","slug":"elementor-926","status":"publish","type":"page","link":"https:\/\/kratkameble.pl\/?page_id=926","title":{"rendered":"Pok\u00f3j i antresola #28 &#8211; Bia\u0142y lakier w po\u0142ysk, Czarny laminat i tapicerowane siedziska"},"content":{"rendered":"\t\t<div data-elementor-type=\"wp-page\" data-elementor-id=\"926\" class=\"elementor elementor-926\">\n\t\t\t\t\t\t\t\t\t<section class=\"elementor-section elementor-top-section elementor-element elementor-element-5a18759 elementor-section-full_width elementor-section-stretched elementor-section-height-default elementor-section-height-default\" data-id=\"5a18759\" data-element_type=\"section\" data-settings=\"{&quot;stretch_section&quot;:&quot;section-stretched&quot;}\">\n\t\t\t\t\t\t<div class=\"elementor-container elementor-column-gap-default\">\n\t\t\t\t\t<div class=\"elementor-column elementor-col-100 elementor-top-column elementor-element elementor-element-b489201\" data-id=\"b489201\" data-element_type=\"column\">\n\t\t\t<div class=\"elementor-widget-wrap elementor-element-populated\">\n\t\t\t\t\t\t\t\t<section class=\"elementor-section elementor-inner-section elementor-element elementor-element-ed15201 elementor-section-boxed elementor-section-height-default elementor-section-height-default\" data-id=\"ed15201\" data-element_type=\"section\">\n\t\t\t\t\t\t<div class=\"elementor-container elementor-column-gap-default\">\n\t\t\t\t\t<div class=\"elementor-column elementor-col-50 elementor-inner-column elementor-element elementor-element-4cfb086\" data-id=\"4cfb086\" data-element_type=\"column\">\n\t\t\t<div class=\"elementor-widget-wrap elementor-element-populated\">\n\t\t\t\t\t\t\t\t<div class=\"elementor-element elementor-element-118bd5f elementor-widget elementor-widget-image\" data-id=\"118bd5f\" data-element_type=\"widget\" data-widget_type=\"image.default\">\n\t\t\t\t<div class=\"elementor-widget-container\">\n\t\t\t<style>\/*! elementor - v3.18.0 - 20-12-2023 *\/\n.elementor-widget-image{text-align:center}.elementor-widget-image a{display:inline-block}.elementor-widget-image a img[src$=\".svg\"]{width:48px}.elementor-widget-image img{vertical-align:middle;display:inline-block}<\/style>\t\t\t\t\t\t\t\t\t\t\t\t<img fetchpriority=\"high\" decoding=\"async\" width=\"778\" height=\"1024\" src=\"https:\/\/kratkameble.pl\/wp-content\/uploads\/2024\/02\/IMG_0254-778x1024.jpg\" class=\"attachment-large size-large wp-image-935\" alt=\"\" srcset=\"https:\/\/kratkameble.pl\/wp-content\/uploads\/2024\/02\/IMG_0254-778x1024.jpg 778w, https:\/\/kratkameble.pl\/wp-content\/uploads\/2024\/02\/IMG_0254-228x300.jpg 228w, https:\/\/kratkameble.pl\/wp-content\/uploads\/2024\/02\/IMG_0254-768x1011.jpg 768w, https:\/\/kratkameble.pl\/wp-content\/uploads\/2024\/02\/IMG_0254.jpg 1000w\" sizes=\"(max-width: 778px) 100vw, 778px\" \/>\t\t\t\t\t\t\t\t\t\t\t\t\t\t\t<\/div>\n\t\t\t\t<\/div>\n\t\t\t\t\t<\/div>\n\t\t<\/div>\n\t\t\t\t<div class=\"elementor-column elementor-col-50 elementor-inner-column elementor-element elementor-element-53d788f\" data-id=\"53d788f\" data-element_type=\"column\">\n\t\t\t<div class=\"elementor-widget-wrap elementor-element-populated\">\n\t\t\t\t\t\t\t\t<div class=\"elementor-element elementor-element-5175c0d elementor-widget elementor-widget-image\" data-id=\"5175c0d\" data-element_type=\"widget\" data-widget_type=\"image.default\">\n\t\t\t\t<div class=\"elementor-widget-container\">\n\t\t\t\t\t\t\t\t\t\t\t\t\t\t\t<img decoding=\"async\" width=\"778\" height=\"1024\" src=\"https:\/\/kratkameble.pl\/wp-content\/uploads\/2024\/02\/IMG_0236-778x1024.jpg\" class=\"attachment-large size-large wp-image-932\" alt=\"\" srcset=\"https:\/\/kratkameble.pl\/wp-content\/uploads\/2024\/02\/IMG_0236-778x1024.jpg 778w, https:\/\/kratkameble.pl\/wp-content\/uploads\/2024\/02\/IMG_0236-228x300.jpg 228w, https:\/\/kratkameble.pl\/wp-content\/uploads\/2024\/02\/IMG_0236-768x1011.jpg 768w, https:\/\/kratkameble.pl\/wp-content\/uploads\/2024\/02\/IMG_0236.jpg 1000w\" sizes=\"(max-width: 778px) 100vw, 778px\" \/>\t\t\t\t\t\t\t\t\t\t\t\t\t\t\t<\/div>\n\t\t\t\t<\/div>\n\t\t\t\t\t<\/div>\n\t\t<\/div>\n\t\t\t\t\t\t\t<\/div>\n\t\t<\/section>\n\t\t\t\t\t<\/div>\n\t\t<\/div>\n\t\t\t\t\t\t\t<\/div>\n\t\t<\/section>\n\t\t\t\t<section class=\"elementor-section elementor-top-section elementor-element elementor-element-81bfe5c elementor-section-full_width elementor-section-stretched elementor-section-height-default elementor-section-height-default\" data-id=\"81bfe5c\" data-element_type=\"section\" data-settings=\"{&quot;stretch_section&quot;:&quot;section-stretched&quot;}\">\n\t\t\t\t\t\t<div class=\"elementor-container elementor-column-gap-default\">\n\t\t\t\t\t<div class=\"elementor-column elementor-col-100 elementor-top-column elementor-element elementor-element-4113650\" data-id=\"4113650\" data-element_type=\"column\">\n\t\t\t<div class=\"elementor-widget-wrap elementor-element-populated\">\n\t\t\t\t\t\t\t\t<section class=\"elementor-section elementor-inner-section elementor-element elementor-element-61a3ef3 elementor-section-boxed elementor-section-height-default elementor-section-height-default\" data-id=\"61a3ef3\" data-element_type=\"section\">\n\t\t\t\t\t\t<div class=\"elementor-container elementor-column-gap-default\">\n\t\t\t\t\t<div class=\"elementor-column elementor-col-50 elementor-inner-column elementor-element elementor-element-97955cb\" data-id=\"97955cb\" data-element_type=\"column\">\n\t\t\t<div class=\"elementor-widget-wrap elementor-element-populated\">\n\t\t\t\t\t\t\t\t<div class=\"elementor-element elementor-element-d659248 elementor-widget elementor-widget-image\" data-id=\"d659248\" data-element_type=\"widget\" data-widget_type=\"image.default\">\n\t\t\t\t<div class=\"elementor-widget-container\">\n\t\t\t\t\t\t\t\t\t\t\t\t\t\t\t<img decoding=\"async\" width=\"778\" height=\"1024\" src=\"https:\/\/kratkameble.pl\/wp-content\/uploads\/2024\/02\/IMG_0218-778x1024.jpg\" class=\"attachment-large size-large wp-image-929\" alt=\"\" srcset=\"https:\/\/kratkameble.pl\/wp-content\/uploads\/2024\/02\/IMG_0218-778x1024.jpg 778w, https:\/\/kratkameble.pl\/wp-content\/uploads\/2024\/02\/IMG_0218-228x300.jpg 228w, https:\/\/kratkameble.pl\/wp-content\/uploads\/2024\/02\/IMG_0218-768x1011.jpg 768w, https:\/\/kratkameble.pl\/wp-content\/uploads\/2024\/02\/IMG_0218.jpg 1000w\" sizes=\"(max-width: 778px) 100vw, 778px\" \/>\t\t\t\t\t\t\t\t\t\t\t\t\t\t\t<\/div>\n\t\t\t\t<\/div>\n\t\t\t\t\t<\/div>\n\t\t<\/div>\n\t\t\t\t<div class=\"elementor-column elementor-col-50 elementor-inner-column elementor-element elementor-element-a2ddd24\" data-id=\"a2ddd24\" data-element_type=\"column\">\n\t\t\t<div class=\"elementor-widget-wrap elementor-element-populated\">\n\t\t\t\t\t\t\t\t<div class=\"elementor-element elementor-element-ff906bb elementor-widget elementor-widget-image\" data-id=\"ff906bb\" data-element_type=\"widget\" data-widget_type=\"image.default\">\n\t\t\t\t<div class=\"elementor-widget-container\">\n\t\t\t\t\t\t\t\t\t\t\t\t\t\t\t<img loading=\"lazy\" decoding=\"async\" width=\"778\" height=\"1024\" src=\"https:\/\/kratkameble.pl\/wp-content\/uploads\/2024\/02\/IMG_02161-778x1024.jpg\" class=\"attachment-large size-large wp-image-928\" alt=\"\" srcset=\"https:\/\/kratkameble.pl\/wp-content\/uploads\/2024\/02\/IMG_02161-778x1024.jpg 778w, https:\/\/kratkameble.pl\/wp-content\/uploads\/2024\/02\/IMG_02161-228x300.jpg 228w, https:\/\/kratkameble.pl\/wp-content\/uploads\/2024\/02\/IMG_02161-768x1011.jpg 768w, https:\/\/kratkameble.pl\/wp-content\/uploads\/2024\/02\/IMG_02161.jpg 1000w\" sizes=\"(max-width: 778px) 100vw, 778px\" \/>\t\t\t\t\t\t\t\t\t\t\t\t\t\t\t<\/div>\n\t\t\t\t<\/div>\n\t\t\t\t\t<\/div>\n\t\t<\/div>\n\t\t\t\t\t\t\t<\/div>\n\t\t<\/section>\n\t\t\t\t\t<\/div>\n\t\t<\/div>\n\t\t\t\t\t\t\t<\/div>\n\t\t<\/section>\n\t\t\t\t<section class=\"elementor-section elementor-top-section elementor-element elementor-element-a045a69 elementor-section-full_width elementor-section-stretched elementor-section-height-default elementor-section-height-default\" data-id=\"a045a69\" data-element_type=\"section\" data-settings=\"{&quot;stretch_section&quot;:&quot;section-stretched&quot;}\">\n\t\t\t\t\t\t<div class=\"elementor-container elementor-column-gap-default\">\n\t\t\t\t\t<div class=\"elementor-column elementor-col-100 elementor-top-column elementor-element elementor-element-501d685\" data-id=\"501d685\" data-element_type=\"column\">\n\t\t\t<div class=\"elementor-widget-wrap elementor-element-populated\">\n\t\t\t\t\t\t\t\t<section class=\"elementor-section elementor-inner-section elementor-element elementor-element-693c1a7 elementor-section-boxed elementor-section-height-default elementor-section-height-default\" data-id=\"693c1a7\" data-element_type=\"section\">\n\t\t\t\t\t\t<div class=\"elementor-container elementor-column-gap-default\">\n\t\t\t\t\t<div class=\"elementor-column elementor-col-50 elementor-inner-column elementor-element elementor-element-019fe7f\" data-id=\"019fe7f\" data-element_type=\"column\">\n\t\t\t<div class=\"elementor-widget-wrap elementor-element-populated\">\n\t\t\t\t\t\t\t\t<div class=\"elementor-element elementor-element-59c79e5 elementor-widget elementor-widget-image\" data-id=\"59c79e5\" data-element_type=\"widget\" data-widget_type=\"image.default\">\n\t\t\t\t<div class=\"elementor-widget-container\">\n\t\t\t\t\t\t\t\t\t\t\t\t\t\t\t<img loading=\"lazy\" decoding=\"async\" width=\"778\" height=\"1024\" src=\"https:\/\/kratkameble.pl\/wp-content\/uploads\/2024\/02\/IMG_0226-778x1024.jpg\" class=\"attachment-large size-large wp-image-931\" alt=\"\" srcset=\"https:\/\/kratkameble.pl\/wp-content\/uploads\/2024\/02\/IMG_0226-778x1024.jpg 778w, https:\/\/kratkameble.pl\/wp-content\/uploads\/2024\/02\/IMG_0226-228x300.jpg 228w, https:\/\/kratkameble.pl\/wp-content\/uploads\/2024\/02\/IMG_0226-768x1011.jpg 768w, https:\/\/kratkameble.pl\/wp-content\/uploads\/2024\/02\/IMG_0226.jpg 1000w\" sizes=\"(max-width: 778px) 100vw, 778px\" \/>\t\t\t\t\t\t\t\t\t\t\t\t\t\t\t<\/div>\n\t\t\t\t<\/div>\n\t\t\t\t\t<\/div>\n\t\t<\/div>\n\t\t\t\t<div class=\"elementor-column elementor-col-50 elementor-inner-column elementor-element elementor-element-a0eaa46\" data-id=\"a0eaa46\" data-element_type=\"column\">\n\t\t\t<div class=\"elementor-widget-wrap elementor-element-populated\">\n\t\t\t\t\t\t\t\t<div class=\"elementor-element elementor-element-35a9192 elementor-widget elementor-widget-image\" data-id=\"35a9192\" data-element_type=\"widget\" data-widget_type=\"image.default\">\n\t\t\t\t<div class=\"elementor-widget-container\">\n\t\t\t\t\t\t\t\t\t\t\t\t\t\t\t<img loading=\"lazy\" decoding=\"async\" width=\"768\" height=\"1024\" src=\"https:\/\/kratkameble.pl\/wp-content\/uploads\/2024\/02\/IMG_0238-768x1024.jpg\" class=\"attachment-large size-large wp-image-934\" alt=\"\" srcset=\"https:\/\/kratkameble.pl\/wp-content\/uploads\/2024\/02\/IMG_0238-768x1024.jpg 768w, https:\/\/kratkameble.pl\/wp-content\/uploads\/2024\/02\/IMG_0238-225x300.jpg 225w, https:\/\/kratkameble.pl\/wp-content\/uploads\/2024\/02\/IMG_0238-1152x1536.jpg 1152w, https:\/\/kratkameble.pl\/wp-content\/uploads\/2024\/02\/IMG_0238-1536x2048.jpg 1536w, https:\/\/kratkameble.pl\/wp-content\/uploads\/2024\/02\/IMG_0238-scaled.jpg 1920w\" sizes=\"(max-width: 768px) 100vw, 768px\" \/>\t\t\t\t\t\t\t\t\t\t\t\t\t\t\t<\/div>\n\t\t\t\t<\/div>\n\t\t\t\t\t<\/div>\n\t\t<\/div>\n\t\t\t\t\t\t\t<\/div>\n\t\t<\/section>\n\t\t\t\t\t<\/div>\n\t\t<\/div>\n\t\t\t\t\t\t\t<\/div>\n\t\t<\/section>\n\t\t\t\t\t\t\t<\/div>\n\t\t","protected":false},"excerpt":{"rendered":"","protected":false},"author":1,"featured_media":0,"parent":0,"menu_order":0,"comment_status":"closed","ping_status":"closed","template":"","meta":{"om_disable_all_campaigns":false,"_monsterinsights_skip_tracking":false,"_monsterinsights_sitenote_active":false,"_monsterinsights_sitenote_note":"","_monsterinsights_sitenote_category":0,"footnotes":""},"class_list":["post-926","page","type-page","status-publish","hentry"],"aioseo_notices":[],"_links":{"self":[{"href":"https:\/\/kratkameble.pl\/index.php?rest_route=\/wp\/v2\/pages\/926","targetHints":{"allow":["GET"]}}],"collection":[{"href":"https:\/\/kratkameble.pl\/index.php?rest_route=\/wp\/v2\/pages"}],"about":[{"href":"https:\/\/kratkameble.pl\/index.php?rest_route=\/wp\/v2\/types\/page"}],"author":[{"embeddable":true,"href":"https:\/\/kratkameble.pl\/index.php?rest_route=\/wp\/v2\/users\/1"}],"replies":[{"embeddable":true,"href":"https:\/\/kratkameble.pl\/index.php?rest_route=%2Fwp%2Fv2%2Fcomments&post=926"}],"version-history":[{"count":5,"href":"https:\/\/kratkameble.pl\/index.php?rest_route=\/wp\/v2\/pages\/926\/revisions"}],"predecessor-version":[{"id":939,"href":"https:\/\/kratkameble.pl\/index.php?rest_route=\/wp\/v2\/pages\/926\/revisions\/939"}],"wp:attachment":[{"href":"https:\/\/kratkameble.pl\/index.php?rest_route=%2Fwp%2Fv2%2Fmedia&parent=926"}],"curies":[{"name":"wp","href":"https:\/\/api.w.org\/{rel}","templated":true}]}}